s the remainder when a(-2) is divided by (-3)/(15/(-70) + 0)?
12
Let q = 87 - 29. Suppose 60 = o + 3*o. Calculate the remainder when q is divided by o.
13
Let r(v) = 168*v**2 - v - 1. Let k be r(-1). Suppose 4*u - u = k. Calculate the remainder when u is divided by -3*18/(-3) - -1.
18
Let g(t) = -14*t + 4. What is the remainder when 87 is divided by g(-1)?
15
Suppose -6*p + 28 = -92. Let u(k) = k**2 + 3*k - 1. Calculate the remainder when u(5) is divided by p.
19
Suppose -m + 5*i = -1, 4*m + 0*m + 21 = -5*i. Calculate the remainder when m*(-1 + -1) + 1 is divided by 5.
4
Let p(u) = 2*u**2 + 1 - 9 - 3*u + 4. What is the remainder when p(4) is divided by 9?
7
Let k = 91 - 66. Let z = 4 + 3. What is the remainder when k is divided by -2*z/(-2) - -2?
7
Let k(w) = -3*w + 4. Let z be (-309)/(-21) + 2/7. Suppose -3*p = v - 0*p - 29, z = 3*p. What is the remainder when k(-12) is divided by v?
12
Let n(p) = -2*p + 22. Let a(l) = 4*l - 44. Let f(o) = -3*a(o) - 5*n(o). What is the remainder when f(0) is divided by 6?
4
Let b(x) = -5*x - 34. Calculate the remainder when 112/6*18/8 is divided by b(-9).
9
Let n(l) = -4*l - 9. What is the remainder when n(-7) is divided by 11?
8
What is the remainder when 4/6 + 9599/87 is divided by 13?
7
Let u = -89 - -108. What is the remainder when u is divided by 10/((0 - -1)/1)?
9
Let l(s) = -s**2 + 6*s - 5. Calculate the remainder when 14 is divided by l(4).
2
Let o = 12 - 10. Suppose 4*m + 3 = 3*m - 3*w, -w = -o*m + 29. Calculate the remainder when 46 is divided by m.
10
Suppose -2*p + 240 = 3*p. Suppose -4*s - 16 = -p. Calculate the remainder when 22 is divided by s.
6
Let h be (12/(-4))/((-1)/11). Let b be ((0 - 1) + 2)*h. Suppose -2*r + b - 7 = 0. Calculate the remainder when 37 is divided by r.
11
Let c = -11 + 18. Let s = -1 + c. Suppose -5*d + 3*d = -34. What is the remainder when d is divided by s?
5
Suppose -2*t - 5*z = -15, 5*t - 3*z + 4*z = 26. Suppose b + 52 = t*b. Calculate the remainder when 222/(-15)*(-10)/4 is divided by b.
11
Let i = -107 + 150. Calculate the remainder when i is divided by 22.
21
Calculate the remainder when 5 is divided by ((-8)/(2 + -4))/(-2 + 4).
1
Let n be 4/6 + 48/9. Calculate the remainder when 65 is divided by ((-136)/n)/(6/(-9)).
31
Let m = 50 + -13. What is the remainder when 146 is divided by m?
35
Let q be 4/(-4)*1 - -14. Let a = 19 - q. What is the remainder when a is divided by 4?
2
Suppose 0 = -m + 6*m - 50. What is the remainder when 76 is divided by m?
6
Suppose -l + 4 = -41. What is the remainder when 223 is divided by l?
43
Calculate the remainder when 29 + (4/2 - 1) is divided by 8.
6
What is the remainder when 3/7 - 198/(-77) - -26 is divided by 10?
9
Suppose 2*r + z - 51 = 0, -r + 2*z = -3 - 10. Suppose 5*w - 19 = 201. What is the remainder when w is divided by r?
21
Calculate the remainder when 64*1/1 - 1 is divided by 16.
15
Let l = -55 + 75. Calculate the remainder when 58 is divided by l.
18
Suppose 5*t = -0*t - 2*j + 364, -t + 4*j + 64 = 0. What is the remainder when 139 is divided by t?
67
Suppose 0 = -4*j + 959 + 373. Let f = -95 + j. Suppose -5*m + f = 63. Calculate the remainder when m is divided by 12.
11
Let u(y) = 2*y**3 + 14*y**2 - 3*y - 9. Calculate the remainder when 57 is divided by u(-7).
9
Suppose 0 = -0*j - 2*j + 4. Calculate the remainder when 34 is divided by (-47)/(-5) - j/5.
7
Suppose v = 5*x - 7 - 127, 51 = 2*x - 3*v. Calculate the remainder when 106 is divided by x.
25
Suppose 0 = -5*f + 6*f - 6. Calculate the remainder when 22 is divided by f.
4
Let u(a) = 4 + 2*a**3 - a**3 + 3 - 2*a + 6*a**2. Calculate the remainder when 36 is divided by u(-6).
17
Let l(w) = w**3 - 8*w**2 + 6*w + 9. Let d be l(7). Suppose -3*k - k + 20 = d*m, -5*m + 64 = 3*k. What is the remainder when 54 is divided by m?
12
Let z = -28 - -97. What is the remainder when z is divided by 7?
6
Suppose 11 = 5*a + 4*h, a + h = -0*h + 2. Suppose 0*d + 39 = 3*d. Calculate the remainder when d is divided by 186/24 + a/(-4).
6
Suppose 67 = 5*t - 2*a - 73, -3*t = -a - 84. Calculate the remainder when t is divided by (0 - 0) + -1 + 16.
13
Let y(a) = -a**2 + 12. Calculate the remainder when 21 is divided by y(0).
9
Suppose -4*m - 4*k = -140, 3*m - 5*k = -33 + 114. Let t = m - 21. Calculate the remainder when 42 is divided by t.
9
Let f = -173 - -177. What is the remainder when 2/(-11) + (-57)/(-11) is divided by f?
1
Suppose 53 + 99 = 4*g. Let u(m) be the first derivative of -m**4/4 - 4*m**3/3 - 2*m**2 - 3*m + 1. What is the remainder when g is divided by u(-4)?
12
Let d = 27 + -6. What is the remainder when 81 is divided by d?
18
Let n = -31 + 40. What is the remainder when (2/2 - -1) + 14 is divided by n?
7
Let w be (-20)/8*(-6)/(-5). Let b be 116*(w - -1)/(-8). Suppose 2*g = 93 - b. What is the remainder when g is divided by 17?
15
Let z = -114 + 116. Let b = -5 - -7. Calculate the remainder when z is divided by b.
0
Let z(c) = -c**3 - 2*c**2 - 2*c - 3. Let o be 2/((10/4)/5). Suppose -o = -m + 3*m. Calculate the remainder when z(m) is divided by 1.
0
Suppose -2*h + 4*h + 75 = 5*g, 2*h = 0. Let n = -1 + 1. Suppose -2*s + n*s = -114. What is the remainder when s is divided by g?
12
Suppose 0 = -12*j + 9*j + 126. Let k = 25 + -3. What is the remainder when j is divided by k?
20
Let o = 23 + -21. Suppose -o*q = q - 102. What is the remainder when 99 is divided by q?
31
Suppose -g + 2 = -1. Let i = -3 - -7. Suppose -6 = -g*b + w, -4*b + i = -2*b - 2*w. What is the remainder when 4 is divided by b?
0
Suppose 2*d + d - 9 = 0. Suppose d*q - 2 = q. Calculate the remainder when 31 is divided by q*12 - 2/2.
9
Let t(x) = -2*x + 3. Let p be t(2). What is the remainder when p - ((-6)/(-3) - 31) is divided by 15?
13
Suppose a - 76 = -5*v, 2*a - 1 = -v + 7. Calculate the remainder when 63 is divided by v.
15
Let a(l) = l**2 - l - 7. What is the remainder when 44 is divided by a(-5)?
21
Suppose 8*s - 36 = 252. Suppose 0 = -2*r - 4*h + s, 0 = 4*r + 5*h - 58 - 2. Suppose 58 = 5*j - 32. Calculate the remainder when j is divided by r.
8
Let f(p) = -p - 4 + p**3 + 1 + 0*p - 3*p + 11*p**2. Suppose -4*g + c + 58 = 0, 5*g - 4*c - 75 = 3. Calculate the remainder when f(-11) is divided by g.
13
What is the remainder when (-4 - -38)*(-1)/(-1) is divided by 18?
16
Suppose z + 2*z + 2*n = 48, -16 = -z - 2*n. Calculate the remainder when 31 is divided by z.
15
Let q be 368/112 + 4/(-14). Suppose -r + 35 = q*f, 2*f - r - 30 = -0*r. What is the remainder when 77/2 + (-1)/2 is divided by f?
12
Suppose 5*k = -4*s + 43, s - 4*s - 5*k = -36. Calculate the remainder when 33 is divided by s.
5
Suppose -3*t + 20 = 4*k, -3*k + 5 = 2*t - 11. Calculate the remainder when 39 is divided by k.
7
Let r be 0 - 84*(-1 + 0). Suppose x = 3*l + r + 29, l = x - 37. Let k = -23 - l. Calculate the remainder when k is divided by 8.
7
Suppose 3*d + 1 - 25 = 0. Suppose d = -o + 5*t, -3*o - 2 = -0*t - 4*t. Suppose -2*z = -10 + o, 4*y - 5*z = -8. What is the remainder when 5 is divided by y?
2
Let d = 186 + -93. Suppose -x = x + 6, -u = -4*x - 23. Calculate the remainder when ((-2)/3)/((-2)/d) is divided by u.
9
Suppose -m = 4*o - 0*m + 9, -4*o - 3*m = 3. Let d = 5 - -10. What is the remainder when o/((-4)/((-352)/(-6))) is divided by d?
14
Let t = 3 + -1. Suppose h = 3*z + 16, -h + 34 = 2*h - t*z. What is the remainder when 39 is divided by h?
9
Let v be (-2 - 30)/4 + -2. Let x(o) be the second derivative of o**5/20 + 5*o**4/6 - 2*o**3/3 - 2*o**2 - o. Calculate the remainder when x(v) is divided by 13.
10
Let v = -6 + -15. Let j = 39 + v. Calculate the remainder when 35 is divided by j.
17
Let k = 31 + -26. Suppose 5*p = 4*u - 168, k*u - 192 = -2*p + 51. What is the remainder when u is divided by 7?
5
Let b(j) = j**3 + 10*j**2 + 2*j - 8. What is the remainder when b(-9) is divided by 19?
17
Suppose b = -8 + 45. Suppose -9*o = -3*o - 78. What is the remainder when b is divided by o?
11
Calculate the remainder when (4/(-12))/(6/(-702)) is divided by 15.
9
Let d(i) = -i**2 - 7*i - 5. Let b = 1 + 3. Let y = 0 - b. Calculate the remainder when 20 is divided by d(y).
6
Suppose 0 = 5*p + 22 - 67. Suppose -5*y - 4*z = -42, -6*y + 2*y + p = -5*z. Let q(m) = m**2 + 2*m + 1. Calculate the remainder when q(-5) is divided by y.
4
Calculate the re